{"id":268,"date":"2025-03-21T07:34:28","date_gmt":"2025-03-21T06:34:28","guid":{"rendered":"https:\/\/agent-immobilier.re\/boutique\/?post_type=product&#038;p=268"},"modified":"2026-04-10T12:43:19","modified_gmt":"2026-04-10T10:43:19","slug":"500-cartes-de-visite","status":"publish","type":"product","link":"https:\/\/agent-immobilier.re\/boutique\/produit\/500-cartes-de-visite\/","title":{"rendered":"500 Cartes de visite"},"content":{"rendered":"","protected":false},"excerpt":{"rendered":"<p><strong><span style=\"color: #c00000;\">500 cartes de visites noires<\/span>, recto en vernis relief, bords arrondis<\/strong><\/p>\n<ul>\n<li>Le prix inclus les frais de port mais pas <span style=\"color: #c00000;\"><strong>l&rsquo;octroi de mer <\/strong><span style=\"color: #000000;\">(\u00e0 r\u00e9gler \u00e0 la livraison)<\/span><\/span><\/li>\n<\/ul>\n<ul>\n<li>D\u00e9lais de livraison \u00e0 domicile pour La R\u00e9union : <strong><span style=\"color: #c00000;\">3 semaines environ<\/span><\/strong><\/li>\n<\/ul>\n<ul>\n<li>Ajoutez votre <strong><span style=\"color: #c00000;\">Adresse de facturation<\/span> <\/strong>lors du paiement (pour la commande et le paiement, deux fois donc)<\/li>\n<\/ul>\n","protected":false},"featured_media":640,"template":"","meta":[],"product_brand":[],"product_cat":[33],"product_tag":[],"class_list":{"0":"post-268","1":"product","2":"type-product","3":"status-publish","4":"has-post-thumbnail","6":"product_cat-cartes-et-flyers-vistaprint-974","8":"first","9":"instock","10":"shipping-taxable","11":"purchasable","12":"product-type-simple"},"_links":{"self":[{"href":"https:\/\/agent-immobilier.re\/boutique\/wp-json\/wp\/v2\/product\/268","targetHints":{"allow":["GET"]}}],"collection":[{"href":"https:\/\/agent-immobilier.re\/boutique\/wp-json\/wp\/v2\/product"}],"about":[{"href":"https:\/\/agent-immobilier.re\/boutique\/wp-json\/wp\/v2\/types\/product"}],"wp:featuredmedia":[{"embeddable":true,"href":"https:\/\/agent-immobilier.re\/boutique\/wp-json\/wp\/v2\/media\/640"}],"wp:attachment":[{"href":"https:\/\/agent-immobilier.re\/boutique\/wp-json\/wp\/v2\/media?parent=268"}],"wp:term":[{"taxonomy":"product_brand","embeddable":true,"href":"https:\/\/agent-immobilier.re\/boutique\/wp-json\/wp\/v2\/product_brand?post=268"},{"taxonomy":"product_cat","embeddable":true,"href":"https:\/\/agent-immobilier.re\/boutique\/wp-json\/wp\/v2\/product_cat?post=268"},{"taxonomy":"product_tag","embeddable":true,"href":"https:\/\/agent-immobilier.re\/boutique\/wp-json\/wp\/v2\/product_tag?post=268"}],"curies":[{"name":"wp","href":"https:\/\/api.w.org\/{rel}","templated":true}]}}